6.
82
Calculate the remainder when 2987 is divided by 897.
296
Calculate the remainder when 26739 is divided by 37.
25
What is the remainder when 3859 is divided by 299?
271
Calculate the remainder when 95837 is divided by 6844.
21
Calculate the remainder when 36370 is divided by 142.
18
Calculate the remainder when 621 is divided by 313.
308
Calculate the remainder when 3190 is divided by 133.
131
What is the remainder when 1145 is divided by 370?
35
What is the remainder when 3418 is divided by 60?
58
Calculate the remainder when 11005 is divided by 125.
5
What is the remainder when 764 is divided by 137?
79
What is the remainder when 79965 is divided by 533?
15
Calculate the remainder when 428100 is divided by 118.
114
What is the remainder when 833941 is divided by 1061?
1056
What is the remainder when 4535 is divided by 181?
10
What is the remainder when 6903 is divided by 57?
6
Calculate the remainder when 11388 is divided by 11373.
15
What is the remainder when 1878 is divided by 157?
151
What is the remainder when 12560 is divided by 1134?
86
What is the remainder when 432247 is divided by 25426?
5
Calculate the remainder when 40442 is divided by 20199.
44
Calculate the remainder when 56458 is divided by 101.
100
Calculate the remainder when 1192 is divided by 391.
19
Calculate the remainder when 2312 is divided by 1637.
675
What is the remainder when 160015 is divided by 399?
16
What is the remainder when 3832 is divided by 1913?
6
What is the remainder when 2691 is divided by 886?
33
What is the remainder when 925 is divided by 179?
30
Calculate the remainder when 39069 is divided by 40.
29
What is the remainder when 4769 is divided by 794?
5
What is the remainder when 319701 is divided by 319696?
5
Calculate the remainder when 469 is divided by 17.
10
Calculate the remainder when 53180 is divided by 5313.
50
Calculate the remainder when 32739 is divided by 4.
3
What is the remainder when 343 is divided by 55?
13
What is the remainder when 19474 is divided by 6466?
76
What is the remainder when 3336 is divided by 372?
360
What is the remainder when 7096 is divided by 22?
12
What is the remainder when 11773 is divided by 5868?
37
Calculate the remainder when 64078 is divided by 23.
0
Calculate the remainder when 1406 is divided by 67.
66
What is the remainder when 510446 is divided by 56716?
2
Calculate the remainder when 552395 is divided by 39.
38
What is the remainder when 25611 is divided by 106?
65
What is the remainder when 108899 is divided by 121?
120
What is the remainder when 1071 is divided by 3?
0
What is the remainder when 131543 is divided by 783?
782
What is the remainder when 12893 is divided by 33?
23
What is the remainder when 59961 is divided by 1817?
0
What is the remainder when 5750 is divided by 437?
69
Calculate the remainder when 24905 is divided by 2767.
2
Calculate the remainder when 46430 is divided by 716.
606
What is the remainder when 235437 is divided by 16?
13
Calculate the remainder when 5007 is divided by 6.
3
What is the remainder when 516 is divided by 445?
71
Calculate the remainder when 9320 is divided by 235.
155
Calculate the remainder when 21895 is divided by 21867.
28
What is the remainder when 1184 is divided by 256?
160
What is the remainder when 107975 is divided by 2078?
1997
Calculate the remainder when 16001 is divided by 2661.
35
What is the remainder when 2317 is divided by 23?
17
Calculate the remainder when 13600 is divided by 484.
48
Calculate the remainder when 321 is divided by 59.
26
Calculate the remainder when 70638 is divided by 225.
213
Calculate the remainder when 3791 is divided by 223.
0
What is the remainder when 889 is divided by 89?
88
What is the remainder when 23376 is divided by 5811?
132
What is the remainder when 2762 is divided by 861?
179
Calculate the remainder when 3804 is divided by 139.
51
Calculate the remainder when 6705 is divided by 280.
265
What is the remainder when 18665 is divided by 10?
5
Calculate the remainder when 4536 is divided by 377.
12
What is the remainder when 283014 is divided by 17?
15
Calculate the remainder when 1499 is divided by 488.
35
Calculate the remainder when 49959 is divided by 66.
63
Calculate the remainder when 93935 is divided by 79.
4
Calculate the remainder when 634390 is divided by 26.
16
What is the remainder when 10997 is divided by 32?
21
What is the remainder when 13965 is divided by 842?
493
What is the remainder when 174638 is divided by 1180?
1178
Calculate the remainder when 2051 is divided by 51.
11
What is the remainder when 88094 is divided by 801?
785
Calculate the remainder when 49938 is divided by 28.
14
Calculate the remainder when 1655 is divided by 39.
17
Calculate the remainder when 1213 is divided by 62.
35
What is the remainder when 14696190 is divided by 128?
126
What is the remainder when 2004 is divided by 175?
79
Calculate the remainder when 806170 is divided by 21.
1
Calculate the remainder when 179561 is divided by 54.
11
What is the remainder when 26185 is divided by 236?
225
Calculate the remainder when 122393 is divided by 184.
33
Calculate the remainder when 1258 is divided by 302.
50
Calculate the remainder when 783767 is divided by 867.
866
What is the remainder when 274276 is divided by 22856?
4
What is the remainder when 36266 is divided by 7252?
6
Calculate the remainder when 23520 is divided by 78.
42
What is the remainder when 4393064 is divided by 73?
70
Calculate the remainder when 3848 is divided by 796.
664
Calculate the remainder when 54075 is divided by 51.
15
What is the remainder when 69148 is divided by 34493?
162
What is the remainder when 197720 is divided by 110?
50
What is the remainder when 3388 is divided by 812?
140
Calculate the remainder when 113398 is divided by 81.
79
Calculate the remainder when 8778 is divided by 244.
238
Calculate the remainder when 548946 is divided by 182982.
0
Calculate the remainder when 45649 is divided by 110.
109
Calculate the remainder when 2134 is divided by 61.
60
What is the remainder when 62489 is divided by 194?
21
What is the remainder when 22686 is divided by 1540?
1126
Calculate the remainder when 16491 is divided by 5368.
387
Calculate the remainder when 42465 is divided by 70.
45
Calculate the remainder when 101657 is divided by 598.
595
Calculate the remainder when 173950 is divided by 64.
62
Calculate the remainder when 94375 is divided by 22.
17
What is the remainder when 17867 is divided by 60?
47
Calculate the remainder when 62650 is divided by 87.
10
What is the remainder when 1399187 is divided by 28?
27
Calculate the remainder when 374143 is divided by 653.
627
Calculate the remainder when 1548 is divided by 724.
100
Calculate the remainder when 337760 is divided by 2.
0
What is the remainder when 14971 is divided by 880?
11
What is the remainder when 353597 is divided by 10?
7
What is the remainder when 21803 is divided by 92?
91
What is the remainder when 1349310 is divided by 78?
66
What is the remainder when 2532013 is divided by 152?
149
Calculate the remainder when 41875 is divided by 120.
115
Calculate the remainder when 696 is divided by 632.
64
Calculate the remainder when 59065 is divided by 585.
565
What is the remainder when 290845 is divided by 9087?
61
What is the remainder when 1120 is divided by 2?
0
What is the remainder when 6199 is divided by 155?
154
Calculate the remainder when 16193 is divided by 73.
60
What is the remainder when 19478 is divided by 19?
3
Calculate the remainder when 33574 is divided by 5588.
46
What is the remainder when 74814 is divided by 489?
486
What is the remainder when 391 is divided by 94?
15
What is the remainder when 84093 is divided by 96?
93
What is the remainder when 237828 is divided by 237812?
16
What is the remainder when 125797 is divided by 185?
182
What is the remainder when 4640 is divided by 1545?
5
What is the remainder when 1281 is divided by 63?
21
What is the remainder when 2770 is divided by 235?
185
What is the remainder when 6202 is divided by 105?
7
Calculate the remainder when 165998 is divided by 5187.
14
What is the remainder when 267763 is divided by 267759?
4
Calculate the remainder when 575 is divided by 282.
11
Calculate the remainder when 6